-3 + -2223112033?
-2223112040
In base 15, what is 97c02b + -3?
97c028
In base 3, what is -112100101200 - -10022?
-112100021101
In base 13, what is -3675ca72 - -4?
-3675ca6b
In base 10, what is -53653604 - -8?
-53653596
In base 2, what is 111111010011011 - 1000001101?
111110010001110
In base 14, what is 90a - -c2a4?
cbb0
In base 8, what is -2 - -3357460?
3357456
In base 9, what is 1342 + -544316?
-542864
In base 7, what is -3300 - -34632?
31332
In base 13, what is 8339648 - 1?
8339647
In base 11, what is 3049190 + -1?
304918a
In base 6, what is -5 + 4120340?
4120331
In base 6, what is -15211 - 2305553?
-2325204
In base 7, what is -20 - 2325620?
-2325640
In base 8, what is -3010042 + -10?
-3010052
In base 16, what is 4 + -bdadc1?
-bdadbd
In base 16, what is -8a8ae - -8?
-8a8a6
In base 10, what is -1335 + -45414?
-46749
In base 10, what is -144 + 105856?
105712
In base 12, what is 2 - 43400a19?
-43400a17
In base 8, what is -64 + 767147?
767063
In base 12, what is 0 + 5b2b05?
5b2b05
In base 10, what is 14713 - -651?
15364
In base 7, what is 13 - 61312342?
-61312326
In base 7, what is -41 - -4134?
4063
In base 13, what is 2813 + -1aa09?
-181c6
In base 12, what is -4b - -82194a2?
8219453
In base 3, what is -1001221102 + 2011121?
-222202211
In base 10, what is 14392357 - 5?
14392352
In base 4, what is 33233022113 - -23?
33233022202
In base 10, what is 1 + 36727552?
36727553
In base 13, what is -2c17a0 - 2?
-2c17a2
In base 11, what is -5211 - 341?
-5552
In base 5, what is 12 + -104344200?
-104344133
In base 2, what is 10100100110001101100 + -100110010?
10100100101100111010
In base 6, what is -5 - 32023111?
-32023120
In base 8, what is -3045174 + -573?
-3045767
In base 13, what is 115b3 - -14a?
11730
In base 13, what is -3281a143 + -3?
-3281a146
In base 11, what is -4 + 16a8921?
16a8918
In base 6, what is 2554344 - 1413?
2552531
In base 16, what is 2 + -2f743f4?
-2f743f2
In base 3, what is -1022 + -11000221021222?
-11000221100021
In base 16, what is 19e - -639b9?
63b57
In base 16, what is 342db47 + 3?
342db4a
In base 6, what is -10504105153 + 4?
-10504105145
In base 15, what is 169 + -477e?
-4615
In base 11, what is 6231063a - -1?
62310640
In base 4, what is 12302001212 + 30?
12302001302
In base 10, what is 3 + -247494561?
-247494558
In base 8, what is -5 + -15600767?
-15600774
In base 6, what is 22215 - 43030?
-20411
In base 13, what is -b - -784a82?
784a74
In base 6, what is 111420 + -115042?
-3222
In base 2, what is -1010000 - -1111110111100001011110?
1111110111100000001110
In base 8, what is 267124401 - -2?
267124403
In base 4, what is 322 + 31011321?
31012303
In base 16, what is -4afc + 119?
-49e3
In base 6, what is 134433514443 - 4?
134433514435
In base 2, what is 1100001 - -11100010001011001110?
11100010001100101111
In base 11, what is 0 - 111a553?
-111a553
In base 2, what is -1000011 - -11111110010011110100?
11111110010010110001
In base 6, what is -431400 + -211?
-432011
In base 6, what is -430222552 - -4?
-430222544
In base 12, what is 3 - -51568616?
51568619
In base 8, what is 4314 - -2337243?
2343557
In base 5, what is -20322 - 4443222?
-10014044
In base 9, what is -14 + -144882?
-145006
In base 12, what is -6 + -166a718?
-166a722
In base 8, what is -53633757 - -10?
-53633747
In base 11, what is -3 + 20276149?
20276146
In base 8, what is -1 + 2444464?
2444463
In base 14, what is 0 - -ccc594?
ccc594
In base 4, what is -13100 - -3330303?
3311203
In base 3, what is -21000112221011200 - 101?
-21000112221012001
In base 3, what is -100122121201 - 1101?
-100122200002
In base 2, what is -1100110001111010100111110 - -1001?
-1100110001111010100110101
In base 4, what is -12323232133300 + 2?
-12323232133232
In base 7, what is -241 - -653343?
653102
In base 4, what is 2203 - 312003323?
-312001120
In base 7, what is 362004064 - 3?
362004061
In base 11, what is -3 - -8636400a?
86364007
In base 4, what is -1013023 - 10101120?
-11120203
In base 11, what is -587354 + 2?
-587352
In base 12, what is -26bb + -61574?
-64073
In base 13, what is 5 - -b356383?
b356388
In base 8, what is 1551 + 16241?
20012
In base 6, what is -334530 + 100211?
-234315
In base 2, what is -110 - -1001101100001110010001101?
1001101100001110010000111
In base 4, what is 11 - 10321100310100?
-10321100310023
In base 4, what is -2322 + -133330023?
-133333011
In base 13, what is -296cb + c51?
-2877a
In base 8, what is -14521630 + 34?
-14521574
In base 5, what is 103433 - -42420?
201403
In base 12, what is 3 - -15389a7a?
15389a81
In base 8, what is -33 - 46634241?
-46634274
In base 12, what is 5 + 46a2a73?
46a2a78
In base 11, what is 9a7aa - -955?
a0654
In base 9, what is 1 - -166784421?
166784422
In base 7, what is 2 + 26333556?
26333561
In base 11, what is 6426a292 + -3?
6426a28a
In base 2, what is 11 + 101011011010101101000000?
101011011010101101000011
In base 5, what is 2 - 220233320?
-220233313
In base 4, what is -10213313 - 2131?
-10222110
In base 2, what is -1000110001000 + 100000111100?
-100101001100
In base 2, what is -1011010110010001011100 - 100000?
-1011010110010001111100
In base 4, what is -123330231103 + -1?
-123330231110
In base 6, what is 45013 + 40100?
125113
In base 9, what is -1452681 - -3?
-1452677
In base 2, what is 11 - 1110010011111011?
-1110010011111000
In base 10, what is 34365279 - 0?
34365279
In base 2, what is -10101 - -11010010111011001010?
11010010111010110101
In base 6, what is 205030214 + 122?
205030340
In base 5, what is 3 + -123220121324?
-123220121321
In base 10, what is 1397487 - 12?
1397475
In base 4, what is 12203001213 - 2022?
12202333131
In base 16, what is -dac96f1 - -3?
-dac96ee
In base 4, what is -1001010 + 103211?
-231133
In base 8, what is 7 + -12762503?
-12762474
In base 15, what is 43 - d6950?
-d690c
In base 6, what is 14045203 + -23?
14045140
In base 14, what is -6448c + c8?
-643a4
In base 3, what is -10012101100121 - 20?
-10012101100211
In base 5, what is 3303 + 13041040?
13044343
In base 6, what is -10 - -114523252?
114523242
In base 6, what is 1205 - -2221210?
2222415
In base 12, what is -3 - -a732272?
a73226b
In base 10, what is 219 + 762593?
762812
In base 2, what is 10100110 - 110000110010111110111?
-110000110010101010001
In base 6, what is 111531 + 304?
112235
In base 13, what is -1321 + 221?
-1100
In base 5, what is 31302233 - -2420?
31310203
In base 6, what is 2 + 2243503543?
2243503545
In base 2, what is -10001010011000001011 + -100010?
-10001010011000101101
In base 3, what is 10 - -2212211022222120?
2212211022222200
In base 7, what is -5 + 40513562?
40513554
In base 13, what is 6b2b8b - -1?
6b2b8c
In base 13, what is 77c4b89 - -1?
77c4b8a
In base 7, what is -32451420 - 5?
-32451425
In base 2, what is 11110 + -1100000110011110?
-1100000110000000
In base 7, what is -1344305 + -11035?
-1355343
In base 9, what is 203 - 357748?
-357545
In base 16, what is ddcad + -b?
ddca2
In base 5, what is 2020221223 + -3?
2020221220
In base 10, what is 231933 - 42?
231891
In base 8, what is -35151022 + 13?
-35151007
In base 9, what is 4 - -118506383?
118506387
In base 12, what is -2518 + 1191?
-1347
In base 2, what is 11000010000110011011100 + -101?
11000010000110011010111
In base 16, what is -7a6f - -1896?
-61d9
In base 7, what is -15141302 - -63?
-15141206
In base 4, what is 221330120321 - -22?
221330121003
In base 8, what is 2 + 3644451?
3644453
In base 3, what is -1212101210 + -112220122?
-2102022102
In base 5, what is 3444444 - -20423?
4020422
In base 5, what is 20144 + 3222?
23421
In base 7, what is 112 - 20121224?
-20121112
In base 12, what is -51b + 1840?
1321
In base 2, what is -1000011011001010000001 + 101?
-1000011011001001111100
In base 8, what is 125 + 377661?
400006
In base 11, what is 55 + -1039103?
-1039059
In base 15, what is 3 - -9b2c9e6?
9b2c9e9
In base 7, what is -416455 - -14446?
-402006
In base 4, what is 332002 - -121232?
1113300
In base 14, what is 3 - -15432b?
154330
In base 8, what is 45655772 + 12?
45656004
In base 11, what is 8272 - 4519?
3854
In base 11, what is 5019595 - 5?
5019590
In base 16, what is -1e27 + 921?
-1506
In base 15, what is -a - 63a5a4?
-63a5ae
In base 16, what is a180 - -173c?
b8bc
In base 9, what is 0 - -57314455?
57314455
In base 5, what is 10 + -30443443432?
-30443443422
In base 2, what is 1110011011